(r) be the second derivative of r**4/12 + 11*r**3/3 + 8*r**2 - 5*r. What is the tens digit of n(p)?
1
Suppose -29650 = 174*y - 184*y. What is the tens digit of y?
6
Suppose -54*x + 52*x + j = -21815, -x + 10890 = -4*j. What is the tens digit of x?
1
Let y = 6126 - 1930. What is the tens digit of y?
9
Suppose 0 = 6*n - 5 + 5. Suppose -3*s - 2*s + 2*j - 10 = n, 5*j - 6 = 3*s. What is the units digit of 5/s*1520/(-50)?
6
Let l = 7344 + -2700. Suppose l = i + 17*i. What is the units digit of i?
8
Let p = -1527 - -693. Let t = p + 1194. What is the tens digit of t?
6
Suppose -121*s - 1517410 = -203*s. What is the thousands digit of s?
8
Let d be -2*(-6 + 5) + 2. What is the units digit of 1/(-4)*(-214)/d*8?
7
Let y be 20/(-45)*-3*6. Suppose y*m + 574 = -410. Let o = 26 - m. What is the tens digit of o?
4
Suppose -z = -5*o + 39, -2*z - 2*o - 30 = 24. Let y(f) = 2*f**2 + 26*f + 61. What is the units digit of y(z)?
9
What is the hundreds digit of (7/((-21)/4))/(2/(-1146))?
7
Suppose 1179 = -m - 4*l + 16839, 3*m + 4*l = 46924. What is the thousands digit of m?
5
Let a(u) = -231*u**3 + 19*u**2 + 53*u - 43. What is the units digit of a(-3)?
6
Let o = 6540 + -4223. What is the thousands digit of o?
2
Let g be ((-1)/(-3))/((-13)/(-117)). Suppose 0 = g*w + 3*w - 138. Suppose -3*n + 70 + w = 0. What is the units digit of n?
1
Let a = -48789 - -87526. What is the ten thousands digit of a?
3
Let h = 36 - 25. Suppose 8*b = h*b - 5292. Suppose f = -11*f + b. What is the units digit of f?
7
Let t(j) = -47*j**3 + 5*j**2 + 2*j - 5. Let h be t(-5). Suppose -41*k = 1352 - h. What is the tens digit of k?
1
Let o(n) be the first derivative of -260*n**2 + 2*n + 11. What is the tens digit of o(-2)?
4
Suppose 1029 = -11*h + 18*h. Let a = 135 + -202. Let l = a + h. What is the tens digit of l?
8
Suppose 4*n + 3*t + 35 = 0, 2*n - 8*t + 4*t = 10. Let y be 25/n + 112*12. Suppose -y + 265 = -6*a. What is the units digit of a?
9
Let i(l) = l**3 - 3*l**2 + 2. Let h be i(-1). Let s be h/12 + 35/(-42). Let u(d) = -60*d**3 + 2*d + 3. What is the units digit of u(s)?
1
Let h = -70468 + 118395. What is the ten thousands digit of h?
4
Suppose 2*v - 34 = -0*v + 4*j, -2*v + 2*j + 24 = 0. Suppose 0 = 3*m + l - 94, 46 = -6*m + v*m + 4*l. What is the tens digit of m?
3
Suppose 3*g = -4*t + 37869 + 28261, -g - 5*t = -22036. What is the thousands digit of g?
2
Suppose 4*h = -5*n + 48, 0*h + 5*n + 8 = 4*h. Let q(s) = -s - h*s - 68 - 16*s. What is the units digit of q(-8)?
4
Let x = -206 + 220. What is the hundreds digit of x/147 + (-43401)/(-63)?
6
What is the hundreds digit of 492041/24 + (-48)/(-288) - (-2)/16?
5
Suppose 0 = q + q - 6, 2*q + 26 = -o. Let x(j) = -j**3 + 20*j**2 - 63*j + 48. Let f be x(16). Let i = f + o. What is the tens digit of i?
3
Let i be (-646)/153 - ((-2)/(-9))/(-1). Let y be 14/(-2) - -3 - i. Suppose 91 = 2*h - 5*v - y*v, 0 = 5*h + 2*v - 155. What is the units digit of h?
3
Let d(g) = -127 + 53 + 61 + 0*g + g. Let f be d(20). Suppose -4*n + 184 = 2*y, 2*n - f*n = 3*y - 280. What is the units digit of y?
0
Suppose -k + 116 + 1044 = 0. Suppose j + 5*o = 278, 0 = -3*j - j + 4*o + k. What is the tens digit of j?
8
Suppose -1098216 = 177*o + 179*o - 384*o. What is the ten thousands digit of o?
3
Suppose 2*u - 5*u = 4*x - 1286, -1724 = -4*u - 3*x. Suppose u*w = 440*w - 5358. What is the tens digit of w?
9
What is the units digit of ((-849)/1132)/((21/(-18628))/7)?
7
Let d = 50949 + 7937. What is the thousands digit of d?
8
Suppose 3*q = 4*x - 605, 315 + 90 = -2*q + x. Let v = -45 + -100. Let f = v - q. What is the units digit of f?
8
Suppose 3*i = -3*x + 23823, -3*x + 11078 + 12740 = 2*i. What is the tens digit of x?
3
Let g = 5 - 13. Let z(p) = -p**3 - 9*p**2 - 8*p + 4. Let s be z(g). What is the units digit of (-4 - -37) + s - 1?
6
What is the tens digit of 1227/((15 - 1)/182)?
5
Let l(a) = 1191*a**2 - 2*a + 55. What is the tens digit of l(6)?
1
What is the tens digit of (27303/6 + 1)*(-38)/(-19)?
0
Let g(f) be the third derivative of -f**6/120 - f**5/4 - 2*f**4/3 - f**3/2 + 6*f**2. Let h be (-7)/((-36)/8 - -5). What is the tens digit of g(h)?
2
Let o = 26094 - 8374. What is the thousands digit of o?
7
Let t(l) = -13*l - 24. Let n be t(-2). Suppose 0 = n*m + 4*f - 630, 2 = -0*f + 2*f. What is the units digit of m?
3
Let i(p) = p**3 + 16*p**2 - 51*p + 38. Let v be i(-17). Suppose -6*u + v = -2570. What is the tens digit of u?
3
What is the tens digit of ((1 + -2)/1)/((-85)/2210)*34?
8
Let f be 12/(-9) - 24/(-18). Suppose f = j - 13*j + 2796. What is the tens digit of j?
3
Let c = 15423 + 46601. What is the ten thousands digit of c?
6
Let v = -450 - -455. Suppose -v*p - 3*i = -2931, 12*p + 5*i - 2935 = 7*p. What is the tens digit of p?
8
Suppose 8142 = 3*w - 3*n, -n = 60 - 59. What is the units digit of w?
3
Suppose 13*p = 31*p - 45108. Suppose p = -23*f + 14374. What is the hundreds digit of f?
5
Let n be 10*5/(-4)*168/(-20). Suppose -100*p + n*p - 3805 = 0. What is the tens digit of p?
6
Let v be 6/(-9) - (12/9 + -4). Let y be -171*3/(9/v). Let z = y - -176. What is the units digit of z?
2
What is the thousands digit of (-1 - (-315656)/16) + 0 + (-6)/4?
9
Suppose -4*t = 2*j - 7796, -54*t = 2*j - 52*t - 7802. What is the thousands digit of j?
3
Suppose 16*f = 18*f + 8, -2*f - 5 = c. Suppose -c*i + 12 = 0, -5*i = 11*b - 6*b - 1480. What is the units digit of b?
2
Let t be 1/2 - (-6)/12. What is the tens digit of ((-404)/(-4)*t)/1?
0
Let t(k) = -20289*k - 3919. What is the hundreds digit of t(-4)?
2
Let d(t) = 30*t**2 - 175*t - 8597. What is the units digit of d(-44)?
3
Let s(i) be the third derivative of -i**4/12 - 4*i**3/3 + 11*i**2. Let l be s(-5). Suppose -7 = -l*n + 1. What is the units digit of n?
4
What is the hundreds digit of (-591)/(-1379) - (-2 + (-28134)/14)?
0
Suppose -7*v + 21*v = 16*v. Suppose 34*g - 15813 - 1561 = v. What is the tens digit of g?
1
Suppose 9 = 5*q - 6. Suppose -4*b - 26 - 111 = 5*x, 4*b = q*x - 97. Let f = b + 50. What is the units digit of f?
2
Let f(k) = -75*k**3 + 3*k**2 + 7*k + 1. What is the hundreds digit of f(-4)?
8
Let z = 5154 - 3432. What is the tens digit of z?
2
Let u be ((-64)/(-10))/(8/(-100)). Let d be 12/(-114) - u/38. What is the units digit of d*(-30)/(1 - 3)?
0
Let q = 72 + -80. Let m = q - -17. Suppose m*u = 10*u - 201. What is the units digit of u?
1
What is the units digit of ((-1141)/(-14))/(15/600)?
0
Suppose 3*r - r - 218 = 2*b, 2*r + 2*b = 210. Let x(l) = -4 + 1 + 10*l - r*l**2 + 109*l**2. What is the units digit of x(-6)?
9
Let n(t) = -2*t**3 + 95*t**2 - 119*t - 44. What is the hundreds digit of n(45)?
7
Suppose 4*b - 2*t = -3*t + 17, 24 = 5*b + 4*t. Suppose 3*h = -3*h + 18. Suppose b*s - 64 = h*n, -s + 6*n + 15 = 5*n. What is the tens digit of s?
1
Let s = -11747 + 21394. What is the hundreds digit of s?
6
Let q be 360/(-63) - 2/7. Let y = -154 + 155. What is the units digit of (y/(q/(-99)))/(5/10)?
3
Let a(d) = 23*d**2 + 11*d + 42. Suppose 0 = 6*s + 12*s + 90. What is the tens digit of a(s)?
6
Let a(v) = 669*v**2 - 6*v + 19. What is the thousands digit of a(-3)?
6
Let n = -416 + 203. Let i = -323 - n. Let a = i - -269. What is the hundreds digit of a?
1
Suppose 5*a - z + 56 = -28, -4*a - 60 = z. What is the tens digit of (478/2 - 1)*(-40)/a?
9
Let x = 100 + -120. What is the hundreds digit of (x/30)/(4/30) + 1064?
0
Let n = 56 + -57. Let c be n*(-5)/((-40)/92)*-26. Suppose -5*g + 305 = 3*l - 4*g, -3*l = -2*g - c. What is the units digit of l?
1
Suppose j - 1 = 3, v - j + 12 = 0. Let m(h) = 4*h + 34. Let d be m(v). Suppose d*a - 254 = -4*l, 5*a - 368 = 4*l + 211. What is the units digit of a?
9
Suppose 258408 = 27*o - 15*o. What is the hundreds digit of 1*14/(-91) - o/(-39)?
5
Suppose 223*i = 492904 + 891480. What is the hundreds digit of i?
2
Let g(n) = n**2 + 21*n - 19. Let t be g(-22). Suppose -6*k = -2*m - k + 124, -175 = -t*m + 2*k. What is the units digit of m?
7
Let d = -7543 + 53968. What is the units digit of d?
5
Suppose -117*w - 75*w + 649728 = 0. What is the tens digit of w?
8
Let i be 13 + -13 - (2 + 671/1). Let h = -481 - i. Let n = h + -97. What is the units digit of n?
5
Let z(w) = 21*w**2 + 151*w - 5681. What is the tens digit of z(60)?
7
Let g be (-238)/(-98) - (-9)/(-21). Suppose -41 = g*p -